{"id":2670,"date":"2022-09-28T12:02:50","date_gmt":"2022-09-28T12:02:50","guid":{"rendered":"https:\/\/newdogsbrand.com\/?page_id=2670"},"modified":"2022-09-28T12:03:44","modified_gmt":"2022-09-28T12:03:44","slug":"envios-y-reembolsos","status":"publish","type":"page","link":"https:\/\/newdogsbrand.com\/index.php\/envios-y-reembolsos\/","title":{"rendered":"Env\u00edos y reembolsos"},"content":{"rendered":"\t\t<div data-elementor-type=\"wp-page\" data-elementor-id=\"2670\" class=\"elementor elementor-2670\">\n\t\t\t\t\t\t<section class=\"elementor-section elementor-top-section elementor-element elementor-element-6c0d4de elementor-section-boxed elementor-section-height-default elementor-section-height-default\" data-id=\"6c0d4de\" data-element_type=\"section\">\n\t\t\t\t\t\t<div class=\"elementor-container elementor-column-gap-default\">\n\t\t\t\t\t<div class=\"elementor-column elementor-col-100 elementor-top-column elementor-element elementor-element-a6280b3\" data-id=\"a6280b3\" data-element_type=\"column\">\n\t\t\t<div class=\"elementor-widget-wrap elementor-element-populated\">\n\t\t\t\t\t\t<div class=\"elementor-element elementor-element-05f6fe6 elementor-widget elementor-widget-heading\" data-id=\"05f6fe6\" data-element_type=\"widget\" data-widget_type=\"heading.default\">\n\t\t\t\t<div class=\"elementor-widget-container\">\n\t\t\t<style>\/*! elementor - v3.21.0 - 25-04-2024 *\/\n.elementor-heading-title{padding:0;margin:0;line-height:1}.elementor-widget-heading .elementor-heading-title[class*=elementor-size-]>a{color:inherit;font-size:inherit;line-height:inherit}.elementor-widget-heading .elementor-heading-title.elementor-size-small{font-size:15px}.elementor-widget-heading .elementor-heading-title.elementor-size-medium{font-size:19px}.elementor-widget-heading .elementor-heading-title.elementor-size-large{font-size:29px}.elementor-widget-heading .elementor-heading-title.elementor-size-xl{font-size:39px}.elementor-widget-heading .elementor-heading-title.elementor-size-xxl{font-size:59px}<\/style><h2 class=\"elementor-heading-title elementor-size-default\">Env\u00edos y reembolsos<\/h2>\t\t<\/div>\n\t\t\t\t<\/div>\n\t\t\t\t<div class=\"elementor-element elementor-element-0c50353 elementor-widget elementor-widget-text-editor\" data-id=\"0c50353\" data-element_type=\"widget\" data-widget_type=\"text-editor.default\">\n\t\t\t\t<div class=\"elementor-widget-container\">\n\t\t\t<style>\/*! elementor - v3.21.0 - 25-04-2024 *\/\n.elementor-widget-text-editor.elementor-drop-cap-view-stacked .elementor-drop-cap{background-color:#69727d;color:#fff}.elementor-widget-text-editor.elementor-drop-cap-view-framed .elementor-drop-cap{color:#69727d;border:3px solid;background-color:transparent}.elementor-widget-text-editor:not(.elementor-drop-cap-view-default) .elementor-drop-cap{margin-top:8px}.elementor-widget-text-editor:not(.elementor-drop-cap-view-default) .elementor-drop-cap-letter{width:1em;height:1em}.elementor-widget-text-editor .elementor-drop-cap{float:left;text-align:center;line-height:1;font-size:50px}.elementor-widget-text-editor .elementor-drop-cap-letter{display:inline-block}<\/style>\t\t\t\t<p><strong>Pol\u00edtica de env\u00edo<\/strong><\/p><p>En el momento en que realices la compra, nos pondremos manos a la obra para que recibas tu pedido cuanto antes.\u00a0<\/p><p>El env\u00edo est\u00e1ndar es de 2 a 6 d\u00edas laborables para los productos de camisetas en color Blanco, Negro. En cuanto a las sudaderas, el plazo de env\u00edo var\u00eda entre 2-7 d\u00edas.\u00a0<\/p><p>Si usted no recibe el pedido en este plazo, p\u00f3ngase en contacto con nosotros a trav\u00e9s de info@newdogsbrand.com y nos encargaremos de solucionarlo con nuestra compa\u00f1\u00eda de env\u00edos.<\/p><p>CORREO DE ATENCI\u00d3N AL CLIENTE: info@newdogsbrand.com\u00a0<\/p><p><strong>POLITICA DE REEMBOLSO<\/strong><\/p><p>Nota: Al tratarse de productos bajo pedido, nuestra pol\u00edtica de devoluci\u00f3n nos obliga a reembolsar o cambiar el producto solamente en el caso de que est\u00e9 mal etiquetado o tenga alg\u00fan defecto. En ning\u00fan caso se proceder\u00e1 a una devoluci\u00f3n por equivocaci\u00f3n de talla o cambio de opini\u00f3n.<\/p><p>Antes de aplicar para cualquier Reembolso favor de enviar un correo a info@newdogsbrand.com, para poder atenderlo personalmente y poder entender el motivo de descontento con el producto, ofreci\u00e9ndole alternativas y soluciones. El correo debe ir acompa\u00f1ado de una foto y descripci\u00f3n breve del motivo por el cual se desea el reembolso.<\/p><p>Para devolver su producto, primero debe informar v\u00eda correo electr\u00f3nico info@newdogsbrand.com los motivos de su devoluci\u00f3n.\u00a0<\/p><p>Despu\u00e9s, usted tendr\u00e1 que hacerse cargo de reenviarlo a la direcci\u00f3n: C\/RIPOLLES 8 08185 LLI\u00c7A DE VALL. Usted ser\u00e1 responsable de pagar los costos de env\u00edo para devolver su art\u00edculo. Los gastos de env\u00edo no son reembolsables.<\/p><p>Dependiendo de su domicilio, el tiempo que le lleve a su producto ser intercambiado puede variar. Si env\u00eda un art\u00edculo de m\u00e1s de 1000\u20ac , deber\u00e1 considerar usar un servicio de env\u00edo rastreable o comprar un seguro de env\u00edo. No garantizamos que recibiremos su art\u00edculo devuelto.<\/p><p>Por favor entienda que al tratarse de un producto artesanal, es posible que el resultado final de la prenda no sea exactamente id\u00e9ntico al de la maqueta.<\/p><p>Motivos de NO elegibilidad para reembolso:<\/p><p>El producto fue usado, da\u00f1ado o maltratado.<\/p><p>Alergia al material<\/p><p>Han pasado m\u00e1s de 15 d\u00edas desde la recepci\u00f3n.<\/p><p>La talla adquirida es la equivocada\u00a0<\/p><p>Cambios de opini\u00f3n en tu pedido<\/p>\t\t\t\t\t\t<\/div>\n\t\t\t\t<\/div>\n\t\t\t\t\t<\/div>\n\t\t<\/div>\n\t\t\t\t\t<\/div>\n\t\t<\/section>\n\t\t\t\t<\/div>\n\t\t","protected":false},"excerpt":{"rendered":"<p>Env\u00edos y reembolsos Pol\u00edtica de env\u00edo En el momento en que realices la compra, nos pondremos manos a la obra para que recibas tu pedido cuanto antes.\u00a0 El env\u00edo est\u00e1ndar es de 2 a 6 d\u00edas laborables para los productos de camisetas en color Blanco, Negro. En cuanto a las sudaderas, el plazo de env\u00edo [&hellip;]<\/p>\n","protected":false},"author":1,"featured_media":0,"parent":0,"menu_order":0,"comment_status":"closed","ping_status":"closed","template":"","meta":{"om_disable_all_campaigns":false,"_monsterinsights_skip_tracking":false,"_monsterinsights_sitenote_active":false,"_monsterinsights_sitenote_note":"","_monsterinsights_sitenote_category":0,"site-sidebar-layout":"no-sidebar","site-content-layout":"page-builder","ast-site-content-layout":"","site-content-style":"default","site-sidebar-style":"default","ast-global-header-display":"","ast-banner-title-visibility":"","ast-main-header-display":"","ast-hfb-above-header-display":"","ast-hfb-below-header-display":"","ast-hfb-mobile-header-display":"","site-post-title":"disabled","ast-breadcrumbs-content":"","ast-featured-img":"disabled","footer-sml-layout":"","theme-transparent-header-meta":"","adv-header-id-meta":"","stick-header-meta":"","header-above-stick-meta":"","header-main-stick-meta":"","header-below-stick-meta":"","astra-migrate-meta-layouts":"default","ast-page-background-enabled":"default","ast-page-background-meta":{"desktop":{"background-color":"","background-image":"","background-repeat":"repeat","background-position":"center center","background-size":"auto","background-attachment":"scroll","background-type":"","background-media":"","overlay-type":"","overlay-color":"","overlay-gradient":""},"tablet":{"background-color":"","background-image":"","background-repeat":"repeat","background-position":"center center","background-size":"auto","background-attachment":"scroll","background-type":"","background-media":"","overlay-type":"","overlay-color":"","overlay-gradient":""},"mobile":{"background-color":"","background-image":"","background-repeat":"repeat","background-position":"center center","background-size":"auto","background-attachment":"scroll","background-type":"","background-media":"","overlay-type":"","overlay-color":"","overlay-gradient":""}},"ast-content-background-meta":{"desktop":{"background-color":"var(--ast-global-color-5)","background-image":"","background-repeat":"repeat","background-position":"center center","background-size":"auto","background-attachment":"scroll","background-type":"","background-media":"","overlay-type":"","overlay-color":"","overlay-gradient":""},"tablet":{"background-color":"var(--ast-global-color-5)","background-image":"","background-repeat":"repeat","background-position":"center center","background-size":"auto","background-attachment":"scroll","background-type":"","background-media":"","overlay-type":"","overlay-color":"","overlay-gradient":""},"mobile":{"background-color":"var(--ast-global-color-5)","background-image":"","background-repeat":"repeat","background-position":"center center","background-size":"auto","background-attachment":"scroll","background-type":"","background-media":"","overlay-type":"","overlay-color":"","overlay-gradient":""}},"_joinchat":[],"footnotes":""},"aioseo_notices":[],"_links":{"self":[{"href":"https:\/\/newdogsbrand.com\/index.php\/wp-json\/wp\/v2\/pages\/2670"}],"collection":[{"href":"https:\/\/newdogsbrand.com\/index.php\/wp-json\/wp\/v2\/pages"}],"about":[{"href":"https:\/\/newdogsbrand.com\/index.php\/wp-json\/wp\/v2\/types\/page"}],"author":[{"embeddable":true,"href":"https:\/\/newdogsbrand.com\/index.php\/wp-json\/wp\/v2\/users\/1"}],"replies":[{"embeddable":true,"href":"https:\/\/newdogsbrand.com\/index.php\/wp-json\/wp\/v2\/comments?post=2670"}],"version-history":[{"count":4,"href":"https:\/\/newdogsbrand.com\/index.php\/wp-json\/wp\/v2\/pages\/2670\/revisions"}],"predecessor-version":[{"id":2674,"href":"https:\/\/newdogsbrand.com\/index.php\/wp-json\/wp\/v2\/pages\/2670\/revisions\/2674"}],"wp:attachment":[{"href":"https:\/\/newdogsbrand.com\/index.php\/wp-json\/wp\/v2\/media?parent=2670"}],"curies":[{"name":"wp","href":"https:\/\/api.w.org\/{rel}","templated":true}]}}